{"id":105,"date":"2017-02-09T14:54:22","date_gmt":"2017-02-09T13:54:22","guid":{"rendered":"http:\/\/reinhard.grobosch.net\/wordpress\/?page_id=105"},"modified":"2017-11-17T12:49:29","modified_gmt":"2017-11-17T11:49:29","slug":"spenden","status":"publish","type":"page","link":"https:\/\/barbaraheim-bottrop.de\/?page_id=105","title":{"rendered":"Spenden"},"content":{"rendered":"<p style=\"text-align: center;\"><span style=\"font-size: 18pt; color: #000000;\">Spenden an den Verein<\/span><\/p>\n<p style=\"text-align: center;\"><span style=\"color: #000000; font-size: 18pt;\"><strong><em>&#8222;Barbaraheim Bottrop-Lehmkuhle e.V.&#8220;<\/em><\/strong><\/span><\/p>\n<p><span style=\"text-decoration: underline;\"><strong><span style=\"color: #000080; text-decoration: underline;\"><span style=\"font-size: 14pt;\">Vielen Dank, dass Sie auch diese Seite ge\u00f6ffnet haben !!!!!!!!!!!<\/span><\/span><\/strong><\/span><\/p>\n<p>&nbsp;<\/p>\n<p><span style=\"color: #000000;\"><strong><em>Hier bietet sich Ihnen eine weitere Chance\u00a0 <img decoding=\"async\" src=\"http:\/\/wordpress.barbaraheim-bottrop.de\/wp-content\/plugins\/wp-edit\/plugins\/emoticons\/img\/smiley-smile.gif\" \/> die Entwicklung des Stadtteiltreffpunkts Barbaraheim zu unterst\u00fctzen!<\/em><\/strong><\/span><\/p>\n<p>&nbsp;<\/p>\n<p><span style=\"color: #000000;\">Durch eine Spende auf das Konto des Vereins (nat\u00fcrlich gegen Spendennachweis) erm\u00f6glichen Sie es dem Barbaraheim Bottrop, seine erfolgreiche Arbeit weiter zu f\u00fchren.<\/span><\/p>\n<p><span style=\"color: #000000;\">Auf Grund der Gemeinn\u00fctzigkeit des Vereins sind wir in der Lage f\u00fcr Spenden, die wir erhalten, eine Spendenquittung auszustellen.<\/span><\/p>\n<p>&nbsp;<\/p>\n<p><span style=\"color: #000000;\"><strong>Unsere Bankverbindung:<\/strong><\/span><\/p>\n<div><span style=\"color: #000000;\">Stadtsparkasse Bottrop<\/span><\/div>\n<div><span style=\"color: #000000;\">BLZ:\u00a0 424 512 20<\/span><\/div>\n<div><span style=\"color: #000000;\">Konto Nr. 4008413<\/span><\/div>\n<div><span style=\"color: #000000;\">IBAN: DE06 4245 1220 0004 0084 13<\/span><\/div>\n<div><span style=\"color: #000000;\">BIC: WELADED1BOT<\/span><\/div>\n<p>&nbsp;<\/p>\n<p>&nbsp;<\/p>\n<div><span style=\"color: #000000;\"><b><span style=\"font-size: 14pt;\">Wir bedanken uns im Voraus f\u00fcr Ihre freundliche Unterst\u00fctzung und w\u00fcrden uns sehr freuen, wenn Sie uns weiter empfehlen<\/span>.<\/b><\/span><\/div>\n<p>&nbsp;<\/p>\n<p>&nbsp;<\/p>\n","protected":false},"excerpt":{"rendered":"<p>Spenden an den Verein &#8222;Barbaraheim Bottrop-Lehmkuhle e.V.&#8220; Vielen Dank, dass Sie auch diese Seite ge\u00f6ffnet haben !!!!!!!!!!! &nbsp; Hier bietet<\/p>\n","protected":false},"author":1,"featured_media":0,"parent":0,"menu_order":5,"comment_status":"closed","ping_status":"closed","template":"","meta":{"colormag_page_container_layout":"default_layout","colormag_page_sidebar_layout":"default_layout","footnotes":""},"class_list":["post-105","page","type-page","status-publish","hentry"],"_links":{"self":[{"href":"https:\/\/barbaraheim-bottrop.de\/index.php?rest_route=\/wp\/v2\/pages\/105","targetHints":{"allow":["GET"]}}],"collection":[{"href":"https:\/\/barbaraheim-bottrop.de\/index.php?rest_route=\/wp\/v2\/pages"}],"about":[{"href":"https:\/\/barbaraheim-bottrop.de\/index.php?rest_route=\/wp\/v2\/types\/page"}],"author":[{"embeddable":true,"href":"https:\/\/barbaraheim-bottrop.de\/index.php?rest_route=\/wp\/v2\/users\/1"}],"replies":[{"embeddable":true,"href":"https:\/\/barbaraheim-bottrop.de\/index.php?rest_route=%2Fwp%2Fv2%2Fcomments&post=105"}],"version-history":[{"count":19,"href":"https:\/\/barbaraheim-bottrop.de\/index.php?rest_route=\/wp\/v2\/pages\/105\/revisions"}],"predecessor-version":[{"id":1522,"href":"https:\/\/barbaraheim-bottrop.de\/index.php?rest_route=\/wp\/v2\/pages\/105\/revisions\/1522"}],"wp:attachment":[{"href":"https:\/\/barbaraheim-bottrop.de\/index.php?rest_route=%2Fwp%2Fv2%2Fmedia&parent=105"}],"curies":[{"name":"wp","href":"https:\/\/api.w.org\/{rel}","templated":true}]}}